{"id":2456,"date":"2022-04-25T16:14:11","date_gmt":"2022-04-25T14:14:11","guid":{"rendered":"https:\/\/dev1.strawhost.net\/biocell\/?page_id=2456"},"modified":"2022-07-18T20:33:27","modified_gmt":"2022-07-18T18:33:27","slug":"transport","status":"publish","type":"page","link":"https:\/\/dev1.strawhost.net\/biocell\/za-pacijente\/transport\/","title":{"rendered":"Transport"},"content":{"rendered":"\t\t<div data-elementor-type=\"wp-page\" data-elementor-id=\"2456\" class=\"elementor elementor-2456\" data-elementor-post-type=\"page\">\n\t\t\t\t\t\t<section class=\"elementor-section elementor-top-section elementor-element elementor-element-df84ebc elementor-section-boxed elementor-section-height-default elementor-section-height-default\" data-id=\"df84ebc\" data-element_type=\"section\" data-e-type=\"section\" data-settings=\"{&quot;background_background&quot;:&quot;classic&quot;}\">\n\t\t\t\t\t\t<div class=\"elementor-container elementor-column-gap-no\">\n\t\t\t\t\t<div class=\"elementor-column elementor-col-50 elementor-top-column elementor-element elementor-element-f90c183 biocell-herobox-col biocell-herobox-col-order\" data-id=\"f90c183\" data-element_type=\"column\" data-e-type=\"column\" data-settings=\"{&quot;background_background&quot;:&quot;classic&quot;}\">\n\t\t\t<div class=\"elementor-widget-wrap elementor-element-populated\">\n\t\t\t\t\t\t<div class=\"elementor-element elementor-element-bb40fb3 elementor-widget elementor-widget-heading\" data-id=\"bb40fb3\" data-element_type=\"widget\" data-e-type=\"widget\" data-widget_type=\"heading.default\">\n\t\t\t\t<div class=\"elementor-widget-container\">\n\t\t\t\t\t<h2 class=\"elementor-heading-title elementor-size-default\">ZA PACIJENTE<\/h2>\t\t\t\t<\/div>\n\t\t\t\t<\/div>\n\t\t\t\t<div class=\"elementor-element elementor-element-d5f35b2 elementor-widget elementor-widget-heading\" data-id=\"d5f35b2\" data-element_type=\"widget\" data-e-type=\"widget\" data-widget_type=\"heading.default\">\n\t\t\t\t<div class=\"elementor-widget-container\">\n\t\t\t\t\t<h2 class=\"elementor-heading-title elementor-size-default\">Transport<\/h2>\t\t\t\t<\/div>\n\t\t\t\t<\/div>\n\t\t\t\t\t<\/div>\n\t\t<\/div>\n\t\t\t\t<div class=\"elementor-column elementor-col-50 elementor-top-column elementor-element elementor-element-7837651 biocell-herobox-col\" data-id=\"7837651\" data-element_type=\"column\" data-e-type=\"column\">\n\t\t\t<div class=\"elementor-widget-wrap elementor-element-populated\">\n\t\t\t\t\t\t<div class=\"elementor-element elementor-element-5871200 elementor-widget elementor-widget-image\" data-id=\"5871200\" data-element_type=\"widget\" data-e-type=\"widget\" data-widget_type=\"image.default\">\n\t\t\t\t<div class=\"elementor-widget-container\">\n\t\t\t\t\t\t\t\t\t\t\t\t\t\t\t<img decoding=\"async\" src=\"https:\/\/dev1.strawhost.net\/biocell\/wp-content\/uploads\/2022\/07\/587A1526.jpg\" title=\"587A1526\" alt=\"587A1526\" loading=\"lazy\" \/>\t\t\t\t\t\t\t\t\t\t\t\t\t\t\t<\/div>\n\t\t\t\t<\/div>\n\t\t\t\t\t<\/div>\n\t\t<\/div>\n\t\t\t\t\t<\/div>\n\t\t<\/section>\n\t\t\t\t<section class=\"elementor-section elementor-top-section elementor-element elementor-element-0f080f9 biocell-grid-bg elementor-section-boxed elementor-section-height-default elementor-section-height-default\" data-id=\"0f080f9\" data-element_type=\"section\" data-e-type=\"section\" data-settings=\"{&quot;background_background&quot;:&quot;classic&quot;}\">\n\t\t\t\t\t\t<div class=\"elementor-container elementor-column-gap-no\">\n\t\t\t\t\t<div class=\"elementor-column elementor-col-50 elementor-top-column elementor-element elementor-element-bd6e585\" data-id=\"bd6e585\" data-element_type=\"column\" data-e-type=\"column\">\n\t\t\t<div class=\"elementor-widget-wrap elementor-element-populated\">\n\t\t\t\t\t\t<div class=\"elementor-element elementor-element-d5f829a elementor-widget elementor-widget-text-editor\" data-id=\"d5f829a\" data-element_type=\"widget\" data-e-type=\"widget\" data-widget_type=\"text-editor.default\">\n\t\t\t\t<div class=\"elementor-widget-container\">\n\t\t\t\t\t\t\t\t\t<p>U BioCell Hospital se trudimo da svaki dolazak u na\u0161u ustanovu za pacijenta predstavlja pozitivno iskustvo, a onim pacijentima kojima je potreban sanitetski prevoz \u017eelimo da obezbedimo \u0161to udobniji dolazak do nas, bez obzira na to odakle dolaze.\u00a0 BioCell Hospital organizuje sanitetski transport pacijenata do i iz bolnice na teritoriji cele Srbije.<\/p><p>Kako bi bio organizovan sanitetski prevoz, potrebno je kontaktirati bolnicu na broj telefona +381 11 66 88 000 radi informacija o uslovima za organizaciju transporta i zakazivanja termina u odgovaraju\u0107em vremenskom roku. Tako\u0111e, pacijenti se o ovoj usluzi mogu informisati i kroz kontakt formu na na\u0161em sajtu biocellhospital.com. Nakon slanja imejla, osoblje bolnice \u0107e vas obavestiti o va\u0161em prevozu i prate\u0107oj organizaciji.<\/p><p>Za pacijente iz inostranstva postoji mogu\u0107nost organizovanja transporta od aerodroma do bolnice i od bolnice do aerodroma. Upiti se mogu poslati putem formulara na sajtu bolnice biocellhospital.com ili pozivom na broj telefona +381 11 66 88 000 gde \u0107ete u razgovoru sa \u010dlanovima tima kontakt centra saznati na koji na\u010din se najlak\u0161e mo\u017ee organizovati va\u0161 transport ili transport bliske osobe do BioCell Hospital.<\/p><p>U vozilu \u0107e pacijentu biti omogu\u0107ena pratnja jedne osobe, kao i \u010dlanova medicinskog tima BioCell Hospital. Vozila za sanitetski prevoz opremljena su prema najvi\u0161im standardima urgentne medicine i poseduju potrebnu medicinsku opremu. Odmah po pristizanju sanitetskog vozila, pacijenta do\u010dekuje medicinski tim bolnice koji preuzima dalje le\u010denje i prati pacijenta tokom celog boravka u BioCell Hospital. Osoblje BioCell Hospital \u0107e se postarati da bezbedno stignete u svoj dom nakon otpusta iz bolnice.<\/p>\t\t\t\t\t\t\t\t<\/div>\n\t\t\t\t<\/div>\n\t\t\t\t\t<\/div>\n\t\t<\/div>\n\t\t\t\t<div class=\"elementor-column elementor-col-50 elementor-top-column elementor-element elementor-element-79333de\" data-id=\"79333de\" data-element_type=\"column\" data-e-type=\"column\">\n\t\t\t<div class=\"elementor-widget-wrap elementor-element-populated\">\n\t\t\t\t\t\t<section class=\"elementor-section elementor-inner-section elementor-element elementor-element-8d043c4 elementor-section-full_width elementor-section-height-default elementor-section-height-default\" data-id=\"8d043c4\" data-element_type=\"section\" data-e-type=\"section\" data-settings=\"{&quot;sticky&quot;:&quot;top&quot;,&quot;sticky_on&quot;:[&quot;desktop&quot;],&quot;sticky_parent&quot;:&quot;yes&quot;,&quot;sticky_offset&quot;:0,&quot;sticky_effects_offset&quot;:0,&quot;sticky_anchor_link_offset&quot;:0}\">\n\t\t\t\t\t\t<div class=\"elementor-container elementor-column-gap-no\">\n\t\t\t\t\t<div class=\"elementor-column elementor-col-100 elementor-inner-column elementor-element elementor-element-296ee9b\" data-id=\"296ee9b\" data-element_type=\"column\" data-e-type=\"column\">\n\t\t\t<div class=\"elementor-widget-wrap elementor-element-populated\">\n\t\t\t\t\t\t<div class=\"elementor-element elementor-element-30b0c72 elementor-widget elementor-widget-template\" data-id=\"30b0c72\" data-element_type=\"widget\" data-e-type=\"widget\" data-widget_type=\"template.default\">\n\t\t\t\t<div class=\"elementor-widget-container\">\n\t\t\t\t\t\t\t<div class=\"elementor-template\">\n\t\t\t\t\t<div data-elementor-type=\"section\" data-elementor-id=\"2471\" class=\"elementor elementor-2471\" data-elementor-post-type=\"elementor_library\">\n\t\t\t\t\t<section class=\"elementor-section elementor-top-section elementor-element elementor-element-2d0327c elementor-section-full_width elementor-section-height-default elementor-section-height-default\" data-id=\"2d0327c\" data-element_type=\"section\" data-e-type=\"section\" data-settings=\"{&quot;background_background&quot;:&quot;classic&quot;}\">\n\t\t\t\t\t\t<div class=\"elementor-container elementor-column-gap-no\">\n\t\t\t\t\t<div class=\"elementor-column elementor-col-100 elementor-top-column elementor-element elementor-element-92d6689\" data-id=\"92d6689\" data-element_type=\"column\" data-e-type=\"column\">\n\t\t\t<div class=\"elementor-widget-wrap elementor-element-populated\">\n\t\t\t\t\t\t<div class=\"elementor-element elementor-element-ed3bb7e elementor-widget elementor-widget-heading\" data-id=\"ed3bb7e\" data-element_type=\"widget\" data-e-type=\"widget\" data-widget_type=\"heading.default\">\n\t\t\t\t<div class=\"elementor-widget-container\">\n\t\t\t\t\t<h2 class=\"elementor-heading-title elementor-size-default\">Za pacijente<\/h2>\t\t\t\t<\/div>\n\t\t\t\t<\/div>\n\t\t\t\t\t<\/div>\n\t\t<\/div>\n\t\t\t\t\t<\/div>\n\t\t<\/section>\n\t\t\t\t<section class=\"elementor-section elementor-top-section elementor-element elementor-element-4c2ca7b elementor-section-full_width elementor-section-height-default elementor-section-height-default\" data-id=\"4c2ca7b\" data-element_type=\"section\" data-e-type=\"section\" data-settings=\"{&quot;background_background&quot;:&quot;classic&quot;}\">\n\t\t\t\t\t\t<div class=\"elementor-container elementor-column-gap-no\">\n\t\t\t\t\t<div class=\"elementor-column elementor-col-100 elementor-top-column elementor-element elementor-element-3f0c266\" data-id=\"3f0c266\" data-element_type=\"column\" data-e-type=\"column\">\n\t\t\t<div class=\"elementor-widget-wrap elementor-element-populated\">\n\t\t\t\t\t\t<div class=\"elementor-element elementor-element-0464d89 elementor-widget elementor-widget-shortcode\" data-id=\"0464d89\" data-element_type=\"widget\" data-e-type=\"widget\" data-widget_type=\"shortcode.default\">\n\t\t\t\t<div class=\"elementor-widget-container\">\n\t\t\t\t\t\t\t<div class=\"elementor-shortcode\">\r\n    <nav class=\"just-sidebar-wrap\">\r\n        <ul>\r\n                        <li  class=\"just-sidebar__sub-menu-parent\">\r\n                <a href=\"https:\/\/dev1.strawhost.net\/biocell\/za-pacijente\/\" title=\"Boravak i le\u010denje\">Boravak i le\u010denje<\/a>\r\n                                <ul class=\"just-sidebar__sub-menu\">\r\n                                    <li class=\"just-sidebar__sub-menu-child\">\r\n                    <a onclick=\"event.stopPropagation();\" href=\"https:\/\/dev1.strawhost.net\/biocell\/za-pacijente\/#zakazivanje\" title=\"Zakazivanje\">Zakazivanje<\/a>\r\n                    <\/li>\r\n                                    <li class=\"just-sidebar__sub-menu-child\">\r\n                    <a onclick=\"event.stopPropagation();\" href=\"https:\/\/dev1.strawhost.net\/biocell\/za-pacijente\/#priprema-za-dolazak\" title=\"Priprema za dolazak\">Priprema za dolazak<\/a>\r\n                    <\/li>\r\n                                    <li class=\"just-sidebar__sub-menu-child\">\r\n                    <a onclick=\"event.stopPropagation();\" href=\"https:\/\/dev1.strawhost.net\/biocell\/za-pacijente\/#prijem-pacijenata\" title=\"Prijem pacijenata\">Prijem pacijenata<\/a>\r\n                    <\/li>\r\n                                    <li class=\"just-sidebar__sub-menu-child\">\r\n                    <a onclick=\"event.stopPropagation();\" href=\"https:\/\/dev1.strawhost.net\/biocell\/za-pacijente\/#boravak-u-biocell-hospital\" title=\"Boravak u BioCell Hospital\">Boravak u BioCell Hospital<\/a>\r\n                    <\/li>\r\n                                    <li class=\"just-sidebar__sub-menu-child\">\r\n                    <a onclick=\"event.stopPropagation();\" href=\"https:\/\/dev1.strawhost.net\/biocell\/za-pacijente\/#opremljenost-bolnice\" title=\"Opremljenost bolnice\">Opremljenost bolnice<\/a>\r\n                    <\/li>\r\n                                    <li class=\"just-sidebar__sub-menu-child\">\r\n                    <a onclick=\"event.stopPropagation();\" href=\"https:\/\/dev1.strawhost.net\/biocell\/za-pacijente\/#bolnicki-dan\" title=\"Bolni\u010dki dan\">Bolni\u010dki dan<\/a>\r\n                    <\/li>\r\n                                    <li class=\"just-sidebar__sub-menu-child\">\r\n                    <a onclick=\"event.stopPropagation();\" href=\"https:\/\/dev1.strawhost.net\/biocell\/za-pacijente\/#posete\" title=\"Posete\">Posete<\/a>\r\n                    <\/li>\r\n                                    <li class=\"just-sidebar__sub-menu-child\">\r\n                    <a onclick=\"event.stopPropagation();\" href=\"https:\/\/dev1.strawhost.net\/biocell\/za-pacijente\/#kontrolni-pregledi-i-oporavak\" title=\"Kontrolni pregledi i oporavak\">Kontrolni pregledi i oporavak<\/a>\r\n                    <\/li>\r\n                                <\/ul>\r\n                            <\/li>\r\n                        <li >\r\n                <a href=\"https:\/\/dev1.strawhost.net\/biocell\/za-pacijente\/transport\/\" title=\"Transport\">Transport<\/a>\r\n                            <\/li>\r\n                        <li  class=\"just-sidebar__sub-menu-parent\">\r\n                <a href=\"https:\/\/dev1.strawhost.net\/biocell\/za-pacijente\/placanje\/\" title=\"Pla\u0107anje\">Pla\u0107anje<\/a>\r\n                                <ul class=\"just-sidebar__sub-menu\">\r\n                                    <li class=\"just-sidebar__sub-menu-child\">\r\n                    <a onclick=\"event.stopPropagation();\" href=\"https:\/\/dev1.strawhost.net\/biocell\/za-pacijente\/placanje\/#gotovinom\" title=\"Gotovinom\">Gotovinom<\/a>\r\n                    <\/li>\r\n                                    <li class=\"just-sidebar__sub-menu-child\">\r\n                    <a onclick=\"event.stopPropagation();\" href=\"https:\/\/dev1.strawhost.net\/biocell\/za-pacijente\/placanje\/#platnim-karticama\" title=\"Platnim karticama\">Platnim karticama<\/a>\r\n                    <\/li>\r\n                                    <li class=\"just-sidebar__sub-menu-child\">\r\n                    <a onclick=\"event.stopPropagation();\" href=\"https:\/\/dev1.strawhost.net\/biocell\/za-pacijente\/placanje\/#po-predracunu\" title=\"Po predra\u010dunu\">Po predra\u010dunu<\/a>\r\n                    <\/li>\r\n                                <\/ul>\r\n                            <\/li>\r\n                    <ul>\r\n    <\/nav>\r\n\r\n    <\/div>\n\t\t\t\t\t\t<\/div>\n\t\t\t\t<\/div>\n\t\t\t\t\t<\/div>\n\t\t<\/div>\n\t\t\t\t\t<\/div>\n\t\t<\/section>\n\t\t\t\t<\/div>\n\t\t\t\t<\/div>\n\t\t\t\t\t\t<\/div>\n\t\t\t\t<\/div>\n\t\t\t\t<div class=\"elementor-element elementor-element-34f9f45 elementor-widget elementor-widget-template\" data-id=\"34f9f45\" data-element_type=\"widget\" data-e-type=\"widget\" data-widget_type=\"template.default\">\n\t\t\t\t<div class=\"elementor-widget-container\">\n\t\t\t\t\t\t\t<div class=\"elementor-template\">\n\t\t\t\t\t<div data-elementor-type=\"section\" data-elementor-id=\"2219\" class=\"elementor elementor-2219\" data-elementor-post-type=\"elementor_library\">\n\t\t\t\t\t<section class=\"elementor-section elementor-top-section elementor-element elementor-element-d017ca2 elementor-section-full_width elementor-section-height-default elementor-section-height-default\" data-id=\"d017ca2\" data-element_type=\"section\" data-e-type=\"section\" data-settings=\"{&quot;background_background&quot;:&quot;classic&quot;}\">\n\t\t\t\t\t\t<div class=\"elementor-container elementor-column-gap-no\">\n\t\t\t\t\t<div class=\"elementor-column elementor-col-100 elementor-top-column elementor-element elementor-element-e5a3e68\" data-id=\"e5a3e68\" data-element_type=\"column\" data-e-type=\"column\">\n\t\t\t<div class=\"elementor-widget-wrap elementor-element-populated\">\n\t\t\t\t\t\t<div class=\"elementor-element elementor-element-a8bb094 elementor-widget elementor-widget-heading\" data-id=\"a8bb094\" data-element_type=\"widget\" data-e-type=\"widget\" data-widget_type=\"heading.default\">\n\t\t\t\t<div class=\"elementor-widget-container\">\n\t\t\t\t\t<h4 class=\"elementor-heading-title elementor-size-default\">Zdrava budu\u0107nost \npo\u010dinje sa nama.<\/h4>\t\t\t\t<\/div>\n\t\t\t\t<\/div>\n\t\t\t\t<div class=\"elementor-element elementor-element-ea39b37 elementor-widget elementor-widget-text-editor\" data-id=\"ea39b37\" data-element_type=\"widget\" data-e-type=\"widget\" data-widget_type=\"text-editor.default\">\n\t\t\t\t<div class=\"elementor-widget-container\">\n\t\t\t\t\t\t\t\t\tInformacije i zakazivanje\t\t\t\t\t\t\t\t<\/div>\n\t\t\t\t<\/div>\n\t\t\t\t<div class=\"elementor-element elementor-element-65a1c7e elementor-widget elementor-widget-heading\" data-id=\"65a1c7e\" data-element_type=\"widget\" data-e-type=\"widget\" data-widget_type=\"heading.default\">\n\t\t\t\t<div class=\"elementor-widget-container\">\n\t\t\t\t\t<h4 class=\"elementor-heading-title elementor-size-default\"><a href=\"tel:*381116688000\">+381 11 66 88 000<\/a><\/h4>\t\t\t\t<\/div>\n\t\t\t\t<\/div>\n\t\t\t\t<div class=\"elementor-element elementor-element-72e206f elementor-align-center elementor-tablet-align-left elementor-mobile-align-center elementor-widget__width-inherit biocell-sidebar-button elementor-widget elementor-widget-button\" data-id=\"72e206f\" data-element_type=\"widget\" data-e-type=\"widget\" data-widget_type=\"button.default\">\n\t\t\t\t<div class=\"elementor-widget-container\">\n\t\t\t\t\t\t\t\t\t<div class=\"elementor-button-wrapper\">\n\t\t\t\t\t<a class=\"elementor-button elementor-button-link elementor-size-sm\" href=\"https:\/\/dev1.strawhost.net\/biocell\/kontakt\/\">\n\t\t\t\t\t\t<span class=\"elementor-button-content-wrapper\">\n\t\t\t\t\t\t\t\t\t<span class=\"elementor-button-text\">Zaka\u017eite pregled<\/span>\n\t\t\t\t\t<\/span>\n\t\t\t\t\t<\/a>\n\t\t\t\t<\/div>\n\t\t\t\t\t\t\t\t<\/div>\n\t\t\t\t<\/div>\n\t\t\t\t\t<\/div>\n\t\t<\/div>\n\t\t\t\t\t<\/div>\n\t\t<\/section>\n\t\t\t\t<\/div>\n\t\t\t\t<\/div>\n\t\t\t\t\t\t<\/div>\n\t\t\t\t<\/div>\n\t\t\t\t\t<\/div>\n\t\t<\/div>\n\t\t\t\t\t<\/div>\n\t\t<\/section>\n\t\t\t\t\t<\/div>\n\t\t<\/div>\n\t\t\t\t\t<\/div>\n\t\t<\/section>\n\t\t\t\t<\/div>\n\t\t","protected":false},"excerpt":{"rendered":"<p>ZA PACIJENTE Transport U BioCell Hospital se trudimo da svaki dolazak u na\u0161u ustanovu za pacijenta predstavlja pozitivno iskustvo, a onim pacijentima kojima je potreban sanitetski prevoz \u017eelimo da obezbedimo \u0161to udobniji dolazak do nas, bez obzira na to odakle dolaze.\u00a0 BioCell Hospital organizuje sanitetski transport pacijenata do i iz bolnice na teritoriji cele Srbije. [&hellip;]<\/p>\n","protected":false},"author":2,"featured_media":0,"parent":75,"menu_order":0,"comment_status":"closed","ping_status":"closed","template":"","meta":{"_acf_changed":false,"footnotes":""},"class_list":["post-2456","page","type-page","status-publish","hentry"],"acf":[],"_links":{"self":[{"href":"https:\/\/dev1.strawhost.net\/biocell\/wp-json\/wp\/v2\/pages\/2456","targetHints":{"allow":["GET"]}}],"collection":[{"href":"https:\/\/dev1.strawhost.net\/biocell\/wp-json\/wp\/v2\/pages"}],"about":[{"href":"https:\/\/dev1.strawhost.net\/biocell\/wp-json\/wp\/v2\/types\/page"}],"author":[{"embeddable":true,"href":"https:\/\/dev1.strawhost.net\/biocell\/wp-json\/wp\/v2\/users\/2"}],"replies":[{"embeddable":true,"href":"https:\/\/dev1.strawhost.net\/biocell\/wp-json\/wp\/v2\/comments?post=2456"}],"version-history":[{"count":0,"href":"https:\/\/dev1.strawhost.net\/biocell\/wp-json\/wp\/v2\/pages\/2456\/revisions"}],"up":[{"embeddable":true,"href":"https:\/\/dev1.strawhost.net\/biocell\/wp-json\/wp\/v2\/pages\/75"}],"wp:attachment":[{"href":"https:\/\/dev1.strawhost.net\/biocell\/wp-json\/wp\/v2\/media?parent=2456"}],"curies":[{"name":"wp","href":"https:\/\/api.w.org\/{rel}","templated":true}]}}