{"id":4055,"date":"2022-05-14T13:03:14","date_gmt":"2022-05-14T11:03:14","guid":{"rendered":"https:\/\/dev1.strawhost.net\/biocell\/?page_id=4055"},"modified":"2022-06-20T12:26:04","modified_gmt":"2022-06-20T10:26:04","slug":"dijagnostika","status":"publish","type":"page","link":"https:\/\/dev1.strawhost.net\/biocell\/usluge-i-specijalnosti\/dijagnostika\/","title":{"rendered":"Dijagnostika"},"content":{"rendered":"\t\t<div data-elementor-type=\"wp-page\" data-elementor-id=\"4055\" class=\"elementor elementor-4055\" data-elementor-post-type=\"page\">\n\t\t\t\t\t\t<section class=\"elementor-section elementor-top-section elementor-element elementor-element-1fb3c43 elementor-section-boxed elementor-section-height-default elementor-section-height-default\" data-id=\"1fb3c43\" data-element_type=\"section\" data-e-type=\"section\" data-settings=\"{&quot;background_background&quot;:&quot;classic&quot;}\">\n\t\t\t\t\t\t<div class=\"elementor-container elementor-column-gap-no\">\n\t\t\t\t\t<div class=\"elementor-column elementor-col-50 elementor-top-column elementor-element elementor-element-5c59579 biocell-herobox-col biocell-herobox-col-order\" data-id=\"5c59579\" data-element_type=\"column\" data-e-type=\"column\" data-settings=\"{&quot;background_background&quot;:&quot;classic&quot;}\">\n\t\t\t<div class=\"elementor-widget-wrap elementor-element-populated\">\n\t\t\t\t\t\t<div class=\"elementor-element elementor-element-87500b8 elementor-widget elementor-widget-heading\" data-id=\"87500b8\" data-element_type=\"widget\" data-e-type=\"widget\" data-widget_type=\"heading.default\">\n\t\t\t\t<div class=\"elementor-widget-container\">\n\t\t\t\t\t<h2 class=\"elementor-heading-title elementor-size-default\">Radiolo\u0161ka dijagnostika<\/h2>\t\t\t\t<\/div>\n\t\t\t\t<\/div>\n\t\t\t\t<div class=\"elementor-element elementor-element-2018b72 elementor-widget elementor-widget-text-editor\" data-id=\"2018b72\" data-element_type=\"widget\" data-e-type=\"widget\" data-widget_type=\"text-editor.default\">\n\t\t\t\t<div class=\"elementor-widget-container\">\n\t\t\t\t\t\t\t\t\t<p>Biocell Hospital nudi \u0161irok dijapazon neinvazivnih dijagnosti\u010dkih metoda, uz pomo\u0107 kojih na\u0161i lekari postavljaju precizne dijagnoze.<\/p>\t\t\t\t\t\t\t\t<\/div>\n\t\t\t\t<\/div>\n\t\t\t\t\t<\/div>\n\t\t<\/div>\n\t\t\t\t<div class=\"elementor-column elementor-col-50 elementor-top-column elementor-element elementor-element-0bd8c21 biocell-herobox-col elementor-hidden-tablet elementor-hidden-mobile\" data-id=\"0bd8c21\" data-element_type=\"column\" data-e-type=\"column\">\n\t\t\t<div class=\"elementor-widget-wrap elementor-element-populated\">\n\t\t\t\t\t\t<div class=\"elementor-element elementor-element-5f2f99a elementor-widget elementor-widget-image\" data-id=\"5f2f99a\" data-element_type=\"widget\" data-e-type=\"widget\" data-widget_type=\"image.default\">\n\t\t\t\t<div class=\"elementor-widget-container\">\n\t\t\t\t\t\t\t\t\t\t\t\t\t\t\t<img decoding=\"async\" src=\"https:\/\/dev1.strawhost.net\/biocell\/wp-content\/uploads\/2022\/06\/Image.png\" title=\"Image\" alt=\"Image\" loading=\"lazy\" \/>\t\t\t\t\t\t\t\t\t\t\t\t\t\t\t<\/div>\n\t\t\t\t<\/div>\n\t\t\t\t\t<\/div>\n\t\t<\/div>\n\t\t\t\t\t<\/div>\n\t\t<\/section>\n\t\t\t\t<section class=\"elementor-section elementor-top-section elementor-element elementor-element-3abb35b biocell-grid-bg elementor-section-boxed elementor-section-height-default elementor-section-height-default\" data-id=\"3abb35b\" data-element_type=\"section\" data-e-type=\"section\" data-settings=\"{&quot;background_background&quot;:&quot;classic&quot;}\">\n\t\t\t\t\t\t<div class=\"elementor-container elementor-column-gap-no\">\n\t\t\t\t\t<div class=\"elementor-column elementor-col-100 elementor-top-column elementor-element elementor-element-e6f7449\" data-id=\"e6f7449\" data-element_type=\"column\" data-e-type=\"column\">\n\t\t\t<div class=\"elementor-widget-wrap elementor-element-populated\">\n\t\t\t\t\t\t<div class=\"elementor-element elementor-element-085223a elementor-widget elementor-widget-shortcode\" data-id=\"085223a\" data-element_type=\"widget\" data-e-type=\"widget\" data-widget_type=\"shortcode.default\">\n\t\t\t\t<div class=\"elementor-widget-container\">\n\t\t\t\t\t\t\t<div class=\"elementor-shortcode\">\n    <div class=\"just-services-wrap\">\n    \n    \n            <div class=\"just-services__service\">\n                <div class=\"just-services__service-header-wrap just-services__service-header-wrap-light-brown\">\n                    <h3 class=\"just-services__service-header\">Ultrazvuk<\/h3>\n                <\/div>\n                <div class=\"just-services__service-body\">\n                    <ul class=\"just-services__list-wrap\">\n\n                        \n                    <li><a href='' data-product-price=''>Ultrazvuk \u0161titaste \u017elezde \/ vrata<\/a><\/li>\n                    \n                                \n                    <li><a href='' data-product-price=''>Ultrazvuk abdomena i male karlice<\/a><\/li>\n                    \n                                \n                    <li><a href='' data-product-price=''>Ultrazvuk abdomena i male karlice no\u0107u (22 h &#8211; 7 h)<\/a><\/li>\n                    \n                                \n                    <li><a href='' data-product-price=''>Ultrazvuk abdomena i skrotuma (testisa)<\/a><\/li>\n                    \n                                \n                    <li><a href='' data-product-price=''>Ultrazvuk skrotuma (testisa)<\/a><\/li>\n                    \n                                \n                    <li><a href='' data-product-price=''>Ultrazvuk abdomena sa dopplerom venae portae<\/a><\/li>\n                    \n                                \n                    <li><a href='' data-product-price=''>Ultrazvuk abdomena sa dopplerom renalnih arterija<\/a><\/li>\n                    \n                                \n                    <li><a href='' data-product-price=''>Ultrazvuk dojki<\/a><\/li>\n                    \n                                \n                    <li><a href='' data-product-price=''>Ultrazvuk mekih tkiva \/ mi\u0161i\u0107a<\/a><\/li>\n                    \n                                \n                    <li><a href='' data-product-price=''>Ultrazvuk zgloba<\/a><\/li>\n                    \n                                \n                    <li><a href='' data-product-price=''>Ultrazvuk Ahilove tetive<\/a><\/li>\n                    \n                                \n                    <li><a href='' data-product-price=''>Ultrazvuk glave (CNS) kod dece<\/a><\/li>\n                    \n                                \n                    <li><a href='' data-product-price=''>Ultrazvuk kukova kod dece<\/a><\/li>\n                    \n                                \n                    <li><a href='' data-product-price=''>Doppler krvnih sudova vrata<\/a><\/li>\n                    \n                                \n                    <li><a href='' data-product-price=''>Doppler krvnih sudova obe ruke<\/a><\/li>\n                    \n                                \n                    <li><a href='' data-product-price=''>Doppler krvnih sudova obe noge<\/a><\/li>\n                    \n                                \n                    <li><a href='' data-product-price=''>Doppler abdominalne aorte<\/a><\/li>\n                    \n                    \n                    <\/ul>\n                <\/div>\n            <\/div>\n\n        \n            <div class=\"just-services__service\">\n                <div class=\"just-services__service-header-wrap just-services__service-header-wrap-grey\">\n                    <h3 class=\"just-services__service-header\">Magnetna rezonanca<\/h3>\n                <\/div>\n                <div class=\"just-services__service-body\">\n                    <ul class=\"just-services__list-wrap\">\n\n                        \n                    <li><a href='' data-product-price=''>Magnetna rezonanca glave (endokranijuma)<\/a><\/li>\n                    \n                                \n                    <li><a href='' data-product-price=''>Magnetna rezonanca glave (endokranijuma) sa kontrastom<\/a><\/li>\n                    \n                                \n                    <li><a href='' data-product-price=''>Magnetna rezonanca endokranijuma sa angiografijom arterija glave bez kontrasta<\/a><\/li>\n                    \n                                \n                    <li><a href='' data-product-price=''>Magnetna rezonanca endokranijuma sa venografijom venskih sinusa glave bez kontrasta<\/a><\/li>\n                    \n                                \n                    <li><a href='' data-product-price=''>Magnetna rezonanca endokranijuma sa angiografijom i venografijom bez kontrasta<\/a><\/li>\n                    \n                                \n                    <li><a href='' data-product-price=''>Magnetna rezonanca orbita<\/a><\/li>\n                    \n                                \n                    <li><a href='' data-product-price=''>Magnetna rezonanca hipofize sa kontrastom<\/a><\/li>\n                    \n                                \n                    <li><a href='' data-product-price=''>Magnetna rezonanca temporalne kosti<\/a><\/li>\n                    \n                                \n                    <li><a href='' data-product-price=''>Magnetna rezonanca temporomandibularnog zgloba<\/a><\/li>\n                    \n                                \n                    <li><a href='' data-product-price=''>Magnetna rezonanca paranazalnih \u0161upljina<\/a><\/li>\n                    \n                                \n                    <li><a href='' data-product-price=''>Magnetna rezonanca &#8211; angiografija vrata<\/a><\/li>\n                    \n                                \n                    <li><a href='' data-product-price=''>Magnetna rezonanca &#8211; venografija krvnih sudova vrata bez kontrasta<\/a><\/li>\n                    \n                                \n                    <li><a href='' data-product-price=''>Magnetna rezonanca mekih tkiva vrata &#8211; meka tkiva po regiji<\/a><\/li>\n                    \n                                \n                    <li><a href='' data-product-price=''>Magnetna rezonanca cervikalne ki\u010dme<\/a><\/li>\n                    \n                                \n                    <li><a href='' data-product-price=''>Magnetna rezonanca cervikalne ki\u010dme sa kontrastom<\/a><\/li>\n                    \n                                \n                    <li><a href='' data-product-price=''>Magnetna rezonanca cervikalne ki\u010dme i pleksusa brahijalisa<\/a><\/li>\n                    \n                                \n                    <li><a href='' data-product-price=''>Magnetna rezonanca torakalne ki\u010dme<\/a><\/li>\n                    \n                                \n                    <li><a href='' data-product-price=''>Magnetna rezonanca torakalne ki\u010dme sa kontrastom<\/a><\/li>\n                    \n                                \n                    <li><a href='' data-product-price=''>Magnetna rezonanca lumbosakralne ki\u010dme<\/a><\/li>\n                    \n                                \n                    <li><a href='' data-product-price=''>Magnetna rezonanca ramena<\/a><\/li>\n                    \n                                \n                    <li><a href='' data-product-price=''>Magnetna rezonanca nadlaktice\/podlaktice<\/a><\/li>\n                    \n                                \n                    <li><a href='' data-product-price=''>Magnetna rezonanca lakta<\/a><\/li>\n                    \n                                \n                    <li><a href='' data-product-price=''>Magnetna rezonanca ru\u010dnog zgloba<\/a><\/li>\n                    \n                                \n                    <li><a href='' data-product-price=''>Magnetna rezonanca \u0161ake<\/a><\/li>\n                    \n                                \n                    <li><a href='' data-product-price=''>Magnetna rezonanca kukova<\/a><\/li>\n                    \n                                \n                    <li><a href='' data-product-price=''>Magnetna rezonanca natkolenice\/potkolenice<\/a><\/li>\n                    \n                                \n                    <li><a href='' data-product-price=''>Magnetna rezonanca kolena<\/a><\/li>\n                    \n                                \n                    <li><a href='' data-product-price=''>Magnetna rezonanca sko\u010dnog zgloba<\/a><\/li>\n                    \n                                \n                    <li><a href='' data-product-price=''>Magnetna rezonanca stopala<\/a><\/li>\n                    \n                                \n                    <li><a href='' data-product-price=''>Magnetna rezonanca pojedina\u010dnih zglobova ili delova ekstremiteta<\/a><\/li>\n                    \n                                \n                    <li><a href='' data-product-price=''>Magnetna rezonanca grudnog ko\u0161a<\/a><\/li>\n                    \n                                \n                    <li><a href='' data-product-price=''>Magnetna rezonanca dojki<\/a><\/li>\n                    \n                                \n                    <li><a href='' data-product-price=''>Magnetna rezonanca abdomena bez kontrasta<\/a><\/li>\n                    \n                                \n                    <li><a href='' data-product-price=''>Magnetna rezonanca abdomena sa kontrastom<\/a><\/li>\n                    \n                                \n                    <li><a href='' data-product-price=''>Magnetna rezonanca abdomena i MRCP<\/a><\/li>\n                    \n                                \n                    <li><a href='' data-product-price=''>Magnetna rezonanca abdomena i MRCP sa kontrastom<\/a><\/li>\n                    \n                                \n                    <li><a href='' data-product-price=''>Magnetna rezonanca abdomena i karlice bez kontrasta<\/a><\/li>\n                    \n                                \n                    <li><a href='' data-product-price=''>Magnena rezonanca abdomena i karlice sa kontrastom<\/a><\/li>\n                    \n                                \n                    <li><a href='' data-product-price=''>Magnetna rezonanca male karlice<\/a><\/li>\n                    \n                                \n                    <li><a href='' data-product-price=''>Magnetna rezonanca &#8211; enterografija<\/a><\/li>\n                    \n                                \n                    <li><a href='' data-product-price=''>Magnetna rezonanca &#8211; kolonografija<\/a><\/li>\n                    \n                                \n                    <li><a href='' data-product-price=''>Magnetna rezonanca prostate sa kontrastom (multiparametrijski)<\/a><\/li>\n                    \n                                \n                    <li><a href='' data-product-price=''>Magnetna rezonanca &#8211; urografija<\/a><\/li>\n                    \n                                \n                    <li><a href='' data-product-price=''>Magnetna rezonanca celog tela (glava, meka tkiva vrata, cela ki\u010dma, abdomen, karlica i jedan zglob)<\/a><\/li>\n                    \n                                \n                    <li><a href='' data-product-price=''>Magnetna rezonanca lumbosakralne ki\u010dme sa kontrastom<\/a><\/li>\n                    \n                                \n                    <li><a href='' data-product-price=''>Kontrastno sredstvo za magnetnu rezonancu<\/a><\/li>\n                    \n                                \n                    <li><a href='' data-product-price=''>Magnetna rezonanca fetusa<\/a><\/li>\n                    \n                                \n                    <li><a href='' data-product-price=''>Kontrastno sredstvo<\/a><\/li>\n                    \n                                \n                    <li><a href='' data-product-price=''>Kontrastno sredstvo Primovist<\/a><\/li>\n                    \n                                \n                    <li><a href='' data-product-price=''>Analgosedacija<\/a><\/li>\n                    \n                                \n                    <li><a href='' data-product-price=''>Izrada filma na zahtev<\/a><\/li>\n                    \n                    \n                    <\/ul>\n                <\/div>\n            <\/div>\n\n        \n            <div class=\"just-services__service\">\n                <div class=\"just-services__service-header-wrap just-services__service-header-wrap-blue\">\n                    <h3 class=\"just-services__service-header\">Ostale usluge<\/h3>\n                <\/div>\n                <div class=\"just-services__service-body\">\n                    <ul class=\"just-services__list-wrap\">\n\n                        \n                    <li><a href='' data-product-price=''>Drugo mi\u0161ljenje specijaliste (ukoliko lekar proceni da je snimak koji je ura\u0111en u drugoj ordinaciji zadovoljavaju\u0107eg kvaliteta)<\/a><\/li>\n                    \n                    \n                    <\/ul>\n                <\/div>\n            <\/div>\n\n        \n    <!-- Main Wrapper End-->\n    <\/div>\n\n    <\/div>\n\t\t\t\t\t\t<\/div>\n\t\t\t\t<\/div>\n\t\t\t\t\t<\/div>\n\t\t<\/div>\n\t\t\t\t\t<\/div>\n\t\t<\/section>\n\t\t\t\t<\/div>\n\t\t","protected":false},"excerpt":{"rendered":"<p>Radiolo\u0161ka dijagnostika Biocell Hospital nudi \u0161irok dijapazon neinvazivnih dijagnosti\u010dkih metoda, uz pomo\u0107 kojih na\u0161i lekari postavljaju precizne dijagnoze.<\/p>\n","protected":false},"author":2,"featured_media":0,"parent":3472,"menu_order":0,"comment_status":"closed","ping_status":"closed","template":"","meta":{"_acf_changed":false,"footnotes":""},"class_list":["post-4055","page","type-page","status-publish","hentry"],"acf":[],"_links":{"self":[{"href":"https:\/\/dev1.strawhost.net\/biocell\/wp-json\/wp\/v2\/pages\/4055","targetHints":{"allow":["GET"]}}],"collection":[{"href":"https:\/\/dev1.strawhost.net\/biocell\/wp-json\/wp\/v2\/pages"}],"about":[{"href":"https:\/\/dev1.strawhost.net\/biocell\/wp-json\/wp\/v2\/types\/page"}],"author":[{"embeddable":true,"href":"https:\/\/dev1.strawhost.net\/biocell\/wp-json\/wp\/v2\/users\/2"}],"replies":[{"embeddable":true,"href":"https:\/\/dev1.strawhost.net\/biocell\/wp-json\/wp\/v2\/comments?post=4055"}],"version-history":[{"count":0,"href":"https:\/\/dev1.strawhost.net\/biocell\/wp-json\/wp\/v2\/pages\/4055\/revisions"}],"up":[{"embeddable":true,"href":"https:\/\/dev1.strawhost.net\/biocell\/wp-json\/wp\/v2\/pages\/3472"}],"wp:attachment":[{"href":"https:\/\/dev1.strawhost.net\/biocell\/wp-json\/wp\/v2\/media?parent=4055"}],"curies":[{"name":"wp","href":"https:\/\/api.w.org\/{rel}","templated":true}]}}