{"id":6360,"date":"2022-06-13T23:31:21","date_gmt":"2022-06-13T21:31:21","guid":{"rendered":"https:\/\/dev1.strawhost.net\/biocell\/?page_id=6360"},"modified":"2022-06-27T15:08:52","modified_gmt":"2022-06-27T13:08:52","slug":"lekarski-tim","status":"publish","type":"page","link":"https:\/\/dev1.strawhost.net\/biocell\/lekarski-tim\/","title":{"rendered":"Lekarski tim"},"content":{"rendered":"\t\t<div data-elementor-type=\"wp-page\" data-elementor-id=\"6360\" class=\"elementor elementor-6360\" data-elementor-post-type=\"page\">\n\t\t\t\t\t\t<section class=\"elementor-section elementor-top-section elementor-element elementor-element-b4e339e elementor-section-boxed elementor-section-height-default elementor-section-height-default\" data-id=\"b4e339e\" data-element_type=\"section\" data-e-type=\"section\" data-settings=\"{&quot;background_background&quot;:&quot;classic&quot;}\">\n\t\t\t\t\t\t<div class=\"elementor-container elementor-column-gap-no\">\n\t\t\t\t\t<div class=\"elementor-column elementor-col-50 elementor-top-column elementor-element elementor-element-1db144c biocell-herobox-col biocell-herobox-col-order\" data-id=\"1db144c\" data-element_type=\"column\" data-e-type=\"column\" data-settings=\"{&quot;background_background&quot;:&quot;classic&quot;}\">\n\t\t\t<div class=\"elementor-widget-wrap elementor-element-populated\">\n\t\t\t\t\t\t<div class=\"elementor-element elementor-element-69ae34e elementor-widget elementor-widget-heading\" data-id=\"69ae34e\" data-element_type=\"widget\" data-e-type=\"widget\" data-widget_type=\"heading.default\">\n\t\t\t\t<div class=\"elementor-widget-container\">\n\t\t\t\t\t<h2 class=\"elementor-heading-title elementor-size-default\">Lekarski tim<\/h2>\t\t\t\t<\/div>\n\t\t\t\t<\/div>\n\t\t\t\t<div class=\"elementor-element elementor-element-3d6906a elementor-widget elementor-widget-text-editor\" data-id=\"3d6906a\" data-element_type=\"widget\" data-e-type=\"widget\" data-widget_type=\"text-editor.default\">\n\t\t\t\t<div class=\"elementor-widget-container\">\n\t\t\t\t\t\t\t\t\t<p>Tim vrhunskih stru\u010dnjaka u BioCell Hospital primenjuje najnovija dostignu\u0107a u medicini kroz personalizovani pristup svakom pacijentu.<\/p>\t\t\t\t\t\t\t\t<\/div>\n\t\t\t\t<\/div>\n\t\t\t\t\t<\/div>\n\t\t<\/div>\n\t\t\t\t<div class=\"elementor-column elementor-col-50 elementor-top-column elementor-element elementor-element-bea54bd biocell-herobox-col\" data-id=\"bea54bd\" data-element_type=\"column\" data-e-type=\"column\">\n\t\t\t<div class=\"elementor-widget-wrap elementor-element-populated\">\n\t\t\t\t\t\t<div class=\"elementor-element elementor-element-eba87ed elementor-widget elementor-widget-image\" data-id=\"eba87ed\" data-element_type=\"widget\" data-e-type=\"widget\" data-widget_type=\"image.default\">\n\t\t\t\t<div class=\"elementor-widget-container\">\n\t\t\t\t\t\t\t\t\t\t\t\t\t\t\t<img decoding=\"async\" src=\"https:\/\/dev1.strawhost.net\/biocell\/wp-content\/uploads\/2022\/06\/lekarski-tim.jpg\" title=\"lekarski-tim\" alt=\"lekarski-tim\" loading=\"lazy\" \/>\t\t\t\t\t\t\t\t\t\t\t\t\t\t\t<\/div>\n\t\t\t\t<\/div>\n\t\t\t\t\t<\/div>\n\t\t<\/div>\n\t\t\t\t\t<\/div>\n\t\t<\/section>\n\t\t\t\t<section class=\"elementor-section elementor-top-section elementor-element elementor-element-6abaf0a biocell-grid-bg elementor-section-boxed elementor-section-height-default elementor-section-height-default\" data-id=\"6abaf0a\" data-element_type=\"section\" data-e-type=\"section\" data-settings=\"{&quot;background_background&quot;:&quot;classic&quot;}\">\n\t\t\t\t\t\t<div class=\"elementor-container elementor-column-gap-no\">\n\t\t\t\t\t<div class=\"elementor-column elementor-col-100 elementor-top-column elementor-element elementor-element-b039ee0\" data-id=\"b039ee0\" data-element_type=\"column\" data-e-type=\"column\">\n\t\t\t<div class=\"elementor-widget-wrap elementor-element-populated\">\n\t\t\t\t\t\t<section class=\"elementor-section elementor-inner-section elementor-element elementor-element-1a26878 elementor-section-full_width elementor-hidden-tablet elementor-hidden-mobile elementor-section-height-default elementor-section-height-default\" data-id=\"1a26878\" data-element_type=\"section\" data-e-type=\"section\">\n\t\t\t\t\t\t<div class=\"elementor-container elementor-column-gap-no\">\n\t\t\t\t\t<div class=\"elementor-column elementor-col-100 elementor-inner-column elementor-element elementor-element-d27569c\" data-id=\"d27569c\" data-element_type=\"column\" data-e-type=\"column\">\n\t\t\t<div class=\"elementor-widget-wrap\">\n\t\t\t\t\t\t\t<\/div>\n\t\t<\/div>\n\t\t\t\t\t<\/div>\n\t\t<\/section>\n\t\t\t\t\t<\/div>\n\t\t<\/div>\n\t\t\t\t\t<\/div>\n\t\t<\/section>\n\t\t\t\t<section class=\"elementor-section elementor-top-section elementor-element elementor-element-721c1dc elementor-section-boxed elementor-section-height-default elementor-section-height-default\" data-id=\"721c1dc\" data-element_type=\"section\" data-e-type=\"section\" data-settings=\"{&quot;background_background&quot;:&quot;classic&quot;}\">\n\t\t\t\t\t\t<div class=\"elementor-container elementor-column-gap-no\">\n\t\t\t\t\t<div class=\"elementor-column elementor-col-100 elementor-top-column elementor-element elementor-element-63b2ffe\" data-id=\"63b2ffe\" data-element_type=\"column\" data-e-type=\"column\">\n\t\t\t<div class=\"elementor-widget-wrap elementor-element-populated\">\n\t\t\t\t\t\t<section class=\"elementor-section elementor-inner-section elementor-element elementor-element-c39f15a elementor-section-full_width elementor-section-height-default elementor-section-height-default\" data-id=\"c39f15a\" data-element_type=\"section\" data-e-type=\"section\" data-settings=\"{&quot;background_background&quot;:&quot;classic&quot;}\">\n\t\t\t\t\t\t<div class=\"elementor-container elementor-column-gap-no\">\n\t\t\t\t\t<div class=\"elementor-column elementor-col-100 elementor-inner-column elementor-element elementor-element-3d9a053 biocell-services-box-wrap\" data-id=\"3d9a053\" data-element_type=\"column\" data-e-type=\"column\">\n\t\t\t<div class=\"elementor-widget-wrap elementor-element-populated\">\n\t\t\t\t\t\t<div class=\"elementor-element elementor-element-8b18ec5 biocell-services-box biocell-medical-team-box elementor-position-top elementor-widget elementor-widget-image-box\" data-id=\"8b18ec5\" data-element_type=\"widget\" data-e-type=\"widget\" data-widget_type=\"image-box.default\">\n\t\t\t\t<div class=\"elementor-widget-container\">\n\t\t\t\t\t<div class=\"elementor-image-box-wrapper\"><figure class=\"elementor-image-box-img\"><img fetchpriority=\"high\" decoding=\"async\" width=\"1080\" height=\"1080\" src=\"https:\/\/dev1.strawhost.net\/biocell\/wp-content\/uploads\/2022\/06\/prof.-dr-Aleksandar-Ljubic.jpg\" class=\"attachment-full size-full wp-image-7278\" alt=\"\" srcset=\"https:\/\/dev1.strawhost.net\/biocell\/wp-content\/uploads\/2022\/06\/prof.-dr-Aleksandar-Ljubic.jpg 1080w, https:\/\/dev1.strawhost.net\/biocell\/wp-content\/uploads\/2022\/06\/prof.-dr-Aleksandar-Ljubic-300x300.jpg 300w, https:\/\/dev1.strawhost.net\/biocell\/wp-content\/uploads\/2022\/06\/prof.-dr-Aleksandar-Ljubic-1024x1024.jpg 1024w, https:\/\/dev1.strawhost.net\/biocell\/wp-content\/uploads\/2022\/06\/prof.-dr-Aleksandar-Ljubic-150x150.jpg 150w, https:\/\/dev1.strawhost.net\/biocell\/wp-content\/uploads\/2022\/06\/prof.-dr-Aleksandar-Ljubic-768x768.jpg 768w, https:\/\/dev1.strawhost.net\/biocell\/wp-content\/uploads\/2022\/06\/prof.-dr-Aleksandar-Ljubic-700x700.jpg 700w\" sizes=\"(max-width: 1080px) 100vw, 1080px\" \/><\/figure><div class=\"elementor-image-box-content\"><h3 class=\"elementor-image-box-title\">Prof. dr sci. med. Aleksandar Ljubi\u0107<\/h3><p class=\"elementor-image-box-description\">Specijalista ginekologije i aku\u0161erstva<\/p><\/div><\/div>\t\t\t\t<\/div>\n\t\t\t\t<\/div>\n\t\t\t\t<div class=\"elementor-element elementor-element-f0a27be biocell-services-box biocell-medical-team-box elementor-position-top elementor-widget elementor-widget-image-box\" data-id=\"f0a27be\" data-element_type=\"widget\" data-e-type=\"widget\" data-widget_type=\"image-box.default\">\n\t\t\t\t<div class=\"elementor-widget-container\">\n\t\t\t\t\t<div class=\"elementor-image-box-wrapper\"><figure class=\"elementor-image-box-img\"><img decoding=\"async\" width=\"1080\" height=\"1080\" src=\"https:\/\/dev1.strawhost.net\/biocell\/wp-content\/uploads\/2022\/06\/dr-Dzihan-Abazovic.jpg\" class=\"attachment-full size-full wp-image-7269\" alt=\"\" srcset=\"https:\/\/dev1.strawhost.net\/biocell\/wp-content\/uploads\/2022\/06\/dr-Dzihan-Abazovic.jpg 1080w, https:\/\/dev1.strawhost.net\/biocell\/wp-content\/uploads\/2022\/06\/dr-Dzihan-Abazovic-300x300.jpg 300w, https:\/\/dev1.strawhost.net\/biocell\/wp-content\/uploads\/2022\/06\/dr-Dzihan-Abazovic-1024x1024.jpg 1024w, https:\/\/dev1.strawhost.net\/biocell\/wp-content\/uploads\/2022\/06\/dr-Dzihan-Abazovic-150x150.jpg 150w, https:\/\/dev1.strawhost.net\/biocell\/wp-content\/uploads\/2022\/06\/dr-Dzihan-Abazovic-768x768.jpg 768w, https:\/\/dev1.strawhost.net\/biocell\/wp-content\/uploads\/2022\/06\/dr-Dzihan-Abazovic-700x700.jpg 700w\" sizes=\"(max-width: 1080px) 100vw, 1080px\" \/><\/figure><div class=\"elementor-image-box-content\"><h3 class=\"elementor-image-box-title\">Spec. dr med. D\u017eihan Abazovi\u0107<\/h3><p class=\"elementor-image-box-description\">Specijalista urgentne medicine<\/p><\/div><\/div>\t\t\t\t<\/div>\n\t\t\t\t<\/div>\n\t\t\t\t<div class=\"elementor-element elementor-element-8d65c6c biocell-services-box biocell-medical-team-box elementor-position-top elementor-widget elementor-widget-image-box\" data-id=\"8d65c6c\" data-element_type=\"widget\" data-e-type=\"widget\" data-widget_type=\"image-box.default\">\n\t\t\t\t<div class=\"elementor-widget-container\">\n\t\t\t\t\t<div class=\"elementor-image-box-wrapper\"><figure class=\"elementor-image-box-img\"><img decoding=\"async\" width=\"1080\" height=\"1080\" src=\"https:\/\/dev1.strawhost.net\/biocell\/wp-content\/uploads\/2022\/06\/dr-Milan-Babic.jpg\" class=\"attachment-full size-full wp-image-7272\" alt=\"\" srcset=\"https:\/\/dev1.strawhost.net\/biocell\/wp-content\/uploads\/2022\/06\/dr-Milan-Babic.jpg 1080w, https:\/\/dev1.strawhost.net\/biocell\/wp-content\/uploads\/2022\/06\/dr-Milan-Babic-300x300.jpg 300w, https:\/\/dev1.strawhost.net\/biocell\/wp-content\/uploads\/2022\/06\/dr-Milan-Babic-1024x1024.jpg 1024w, https:\/\/dev1.strawhost.net\/biocell\/wp-content\/uploads\/2022\/06\/dr-Milan-Babic-150x150.jpg 150w, https:\/\/dev1.strawhost.net\/biocell\/wp-content\/uploads\/2022\/06\/dr-Milan-Babic-768x768.jpg 768w, https:\/\/dev1.strawhost.net\/biocell\/wp-content\/uploads\/2022\/06\/dr-Milan-Babic-700x700.jpg 700w\" sizes=\"(max-width: 1080px) 100vw, 1080px\" \/><\/figure><div class=\"elementor-image-box-content\"><h3 class=\"elementor-image-box-title\">Spec. dr med. Milan Babi\u0107<\/h3><p class=\"elementor-image-box-description\">Specijalista op\u0161te hirurgije<br>\n<b>Na\u010delnik slu\u017ebe hirurgije<\/b><\/p><\/div><\/div>\t\t\t\t<\/div>\n\t\t\t\t<\/div>\n\t\t\t\t<div class=\"elementor-element elementor-element-087ca38 biocell-services-box biocell-medical-team-box elementor-position-top elementor-widget elementor-widget-image-box\" data-id=\"087ca38\" data-element_type=\"widget\" data-e-type=\"widget\" data-widget_type=\"image-box.default\">\n\t\t\t\t<div class=\"elementor-widget-container\">\n\t\t\t\t\t<div class=\"elementor-image-box-wrapper\"><figure class=\"elementor-image-box-img\"><img loading=\"lazy\" decoding=\"async\" width=\"1080\" height=\"1080\" src=\"https:\/\/dev1.strawhost.net\/biocell\/wp-content\/uploads\/2022\/06\/dr-Milica-Djurdjic.jpg\" class=\"attachment-full size-full wp-image-7273\" alt=\"\" srcset=\"https:\/\/dev1.strawhost.net\/biocell\/wp-content\/uploads\/2022\/06\/dr-Milica-Djurdjic.jpg 1080w, https:\/\/dev1.strawhost.net\/biocell\/wp-content\/uploads\/2022\/06\/dr-Milica-Djurdjic-300x300.jpg 300w, https:\/\/dev1.strawhost.net\/biocell\/wp-content\/uploads\/2022\/06\/dr-Milica-Djurdjic-1024x1024.jpg 1024w, https:\/\/dev1.strawhost.net\/biocell\/wp-content\/uploads\/2022\/06\/dr-Milica-Djurdjic-150x150.jpg 150w, https:\/\/dev1.strawhost.net\/biocell\/wp-content\/uploads\/2022\/06\/dr-Milica-Djurdjic-768x768.jpg 768w, https:\/\/dev1.strawhost.net\/biocell\/wp-content\/uploads\/2022\/06\/dr-Milica-Djurdjic-700x700.jpg 700w\" sizes=\"(max-width: 1080px) 100vw, 1080px\" \/><\/figure><div class=\"elementor-image-box-content\"><h3 class=\"elementor-image-box-title\">Spec. dr med. Milica \u0110ur\u0111i\u0107<\/h3><p class=\"elementor-image-box-description\">Specijalista radiologije<br>\n<b>Na\u010delnik slu\u017ebe za dijagnosti\u010dku radiologiju<\/b> <\/p><\/div><\/div>\t\t\t\t<\/div>\n\t\t\t\t<\/div>\n\t\t\t\t<div class=\"elementor-element elementor-element-32a357c biocell-services-box biocell-medical-team-box elementor-position-top elementor-widget elementor-widget-image-box\" data-id=\"32a357c\" data-element_type=\"widget\" data-e-type=\"widget\" data-widget_type=\"image-box.default\">\n\t\t\t\t<div class=\"elementor-widget-container\">\n\t\t\t\t\t<div class=\"elementor-image-box-wrapper\"><figure class=\"elementor-image-box-img\"><img loading=\"lazy\" decoding=\"async\" width=\"1080\" height=\"1080\" src=\"https:\/\/dev1.strawhost.net\/biocell\/wp-content\/uploads\/2022\/06\/dr-Vladimir-Curcic.jpg\" class=\"attachment-full size-full wp-image-7277\" alt=\"\" srcset=\"https:\/\/dev1.strawhost.net\/biocell\/wp-content\/uploads\/2022\/06\/dr-Vladimir-Curcic.jpg 1080w, https:\/\/dev1.strawhost.net\/biocell\/wp-content\/uploads\/2022\/06\/dr-Vladimir-Curcic-300x300.jpg 300w, https:\/\/dev1.strawhost.net\/biocell\/wp-content\/uploads\/2022\/06\/dr-Vladimir-Curcic-1024x1024.jpg 1024w, https:\/\/dev1.strawhost.net\/biocell\/wp-content\/uploads\/2022\/06\/dr-Vladimir-Curcic-150x150.jpg 150w, https:\/\/dev1.strawhost.net\/biocell\/wp-content\/uploads\/2022\/06\/dr-Vladimir-Curcic-768x768.jpg 768w, https:\/\/dev1.strawhost.net\/biocell\/wp-content\/uploads\/2022\/06\/dr-Vladimir-Curcic-700x700.jpg 700w\" sizes=\"(max-width: 1080px) 100vw, 1080px\" \/><\/figure><div class=\"elementor-image-box-content\"><h3 class=\"elementor-image-box-title\">Spec. dr med. Vladimir \u0106ur\u010di\u0107<\/h3><p class=\"elementor-image-box-description\">Specijalista radiologije<\/p><\/div><\/div>\t\t\t\t<\/div>\n\t\t\t\t<\/div>\n\t\t\t\t<div class=\"elementor-element elementor-element-6eb9f61 biocell-services-box biocell-medical-team-box elementor-position-top elementor-widget elementor-widget-image-box\" data-id=\"6eb9f61\" data-element_type=\"widget\" data-e-type=\"widget\" data-widget_type=\"image-box.default\">\n\t\t\t\t<div class=\"elementor-widget-container\">\n\t\t\t\t\t<div class=\"elementor-image-box-wrapper\"><figure class=\"elementor-image-box-img\"><img loading=\"lazy\" decoding=\"async\" width=\"1080\" height=\"1080\" src=\"https:\/\/dev1.strawhost.net\/biocell\/wp-content\/uploads\/2022\/06\/dr-Tomislav-Stavric.jpg\" class=\"attachment-full size-full wp-image-7276\" alt=\"\" srcset=\"https:\/\/dev1.strawhost.net\/biocell\/wp-content\/uploads\/2022\/06\/dr-Tomislav-Stavric.jpg 1080w, https:\/\/dev1.strawhost.net\/biocell\/wp-content\/uploads\/2022\/06\/dr-Tomislav-Stavric-300x300.jpg 300w, https:\/\/dev1.strawhost.net\/biocell\/wp-content\/uploads\/2022\/06\/dr-Tomislav-Stavric-1024x1024.jpg 1024w, https:\/\/dev1.strawhost.net\/biocell\/wp-content\/uploads\/2022\/06\/dr-Tomislav-Stavric-150x150.jpg 150w, https:\/\/dev1.strawhost.net\/biocell\/wp-content\/uploads\/2022\/06\/dr-Tomislav-Stavric-768x768.jpg 768w, https:\/\/dev1.strawhost.net\/biocell\/wp-content\/uploads\/2022\/06\/dr-Tomislav-Stavric-700x700.jpg 700w\" sizes=\"(max-width: 1080px) 100vw, 1080px\" \/><\/figure><div class=\"elementor-image-box-content\"><h3 class=\"elementor-image-box-title\">Spec. dr med. Tomislav Stavri\u0107<\/h3><p class=\"elementor-image-box-description\">Specijalista radiologije<\/p><\/div><\/div>\t\t\t\t<\/div>\n\t\t\t\t<\/div>\n\t\t\t\t<div class=\"elementor-element elementor-element-0f03378 biocell-services-box biocell-medical-team-box elementor-position-top elementor-widget elementor-widget-image-box\" data-id=\"0f03378\" data-element_type=\"widget\" data-e-type=\"widget\" data-widget_type=\"image-box.default\">\n\t\t\t\t<div class=\"elementor-widget-container\">\n\t\t\t\t\t<div class=\"elementor-image-box-wrapper\"><figure class=\"elementor-image-box-img\"><img loading=\"lazy\" decoding=\"async\" width=\"1080\" height=\"1080\" src=\"https:\/\/dev1.strawhost.net\/biocell\/wp-content\/uploads\/2022\/06\/dr-Ljiljana-Tomasic.jpg\" class=\"attachment-full size-full wp-image-7271\" alt=\"\" srcset=\"https:\/\/dev1.strawhost.net\/biocell\/wp-content\/uploads\/2022\/06\/dr-Ljiljana-Tomasic.jpg 1080w, https:\/\/dev1.strawhost.net\/biocell\/wp-content\/uploads\/2022\/06\/dr-Ljiljana-Tomasic-300x300.jpg 300w, https:\/\/dev1.strawhost.net\/biocell\/wp-content\/uploads\/2022\/06\/dr-Ljiljana-Tomasic-1024x1024.jpg 1024w, https:\/\/dev1.strawhost.net\/biocell\/wp-content\/uploads\/2022\/06\/dr-Ljiljana-Tomasic-150x150.jpg 150w, https:\/\/dev1.strawhost.net\/biocell\/wp-content\/uploads\/2022\/06\/dr-Ljiljana-Tomasic-768x768.jpg 768w, https:\/\/dev1.strawhost.net\/biocell\/wp-content\/uploads\/2022\/06\/dr-Ljiljana-Tomasic-700x700.jpg 700w\" sizes=\"(max-width: 1080px) 100vw, 1080px\" \/><\/figure><div class=\"elementor-image-box-content\"><h3 class=\"elementor-image-box-title\">Prim. dr Ljiljana Toma\u0161i\u0107<\/h3><p class=\"elementor-image-box-description\">Specijalista interne medicine, <br>u\u017ea specijalnost onkologija<\/p><\/div><\/div>\t\t\t\t<\/div>\n\t\t\t\t<\/div>\n\t\t\t\t<div class=\"elementor-element elementor-element-098f27d biocell-services-box biocell-medical-team-box elementor-position-top elementor-widget elementor-widget-image-box\" data-id=\"098f27d\" data-element_type=\"widget\" data-e-type=\"widget\" data-widget_type=\"image-box.default\">\n\t\t\t\t<div class=\"elementor-widget-container\">\n\t\t\t\t\t<div class=\"elementor-image-box-wrapper\"><figure class=\"elementor-image-box-img\"><img loading=\"lazy\" decoding=\"async\" width=\"1080\" height=\"1080\" src=\"https:\/\/dev1.strawhost.net\/biocell\/wp-content\/uploads\/2022\/06\/dr-Tatjana-Lutovac-Krunic.jpg\" class=\"attachment-full size-full wp-image-7275\" alt=\"\" srcset=\"https:\/\/dev1.strawhost.net\/biocell\/wp-content\/uploads\/2022\/06\/dr-Tatjana-Lutovac-Krunic.jpg 1080w, https:\/\/dev1.strawhost.net\/biocell\/wp-content\/uploads\/2022\/06\/dr-Tatjana-Lutovac-Krunic-300x300.jpg 300w, https:\/\/dev1.strawhost.net\/biocell\/wp-content\/uploads\/2022\/06\/dr-Tatjana-Lutovac-Krunic-1024x1024.jpg 1024w, https:\/\/dev1.strawhost.net\/biocell\/wp-content\/uploads\/2022\/06\/dr-Tatjana-Lutovac-Krunic-150x150.jpg 150w, https:\/\/dev1.strawhost.net\/biocell\/wp-content\/uploads\/2022\/06\/dr-Tatjana-Lutovac-Krunic-768x768.jpg 768w, https:\/\/dev1.strawhost.net\/biocell\/wp-content\/uploads\/2022\/06\/dr-Tatjana-Lutovac-Krunic-700x700.jpg 700w\" sizes=\"(max-width: 1080px) 100vw, 1080px\" \/><\/figure><div class=\"elementor-image-box-content\"><h3 class=\"elementor-image-box-title\">Spec. dr med. Tatjana Lutovac-Kruni\u0107<\/h3><p class=\"elementor-image-box-description\">Specijalista interne medicine, pulmolog<\/p><\/div><\/div>\t\t\t\t<\/div>\n\t\t\t\t<\/div>\n\t\t\t\t<div class=\"elementor-element elementor-element-99a11c5 biocell-services-box biocell-medical-team-box elementor-position-top elementor-widget elementor-widget-image-box\" data-id=\"99a11c5\" data-element_type=\"widget\" data-e-type=\"widget\" data-widget_type=\"image-box.default\">\n\t\t\t\t<div class=\"elementor-widget-container\">\n\t\t\t\t\t<div class=\"elementor-image-box-wrapper\"><figure class=\"elementor-image-box-img\"><img loading=\"lazy\" decoding=\"async\" width=\"1080\" height=\"1080\" src=\"https:\/\/dev1.strawhost.net\/biocell\/wp-content\/uploads\/2022\/06\/dr-Aleksandar-Cetkovic.jpg\" class=\"attachment-full size-full wp-image-7267\" alt=\"\" srcset=\"https:\/\/dev1.strawhost.net\/biocell\/wp-content\/uploads\/2022\/06\/dr-Aleksandar-Cetkovic.jpg 1080w, https:\/\/dev1.strawhost.net\/biocell\/wp-content\/uploads\/2022\/06\/dr-Aleksandar-Cetkovic-300x300.jpg 300w, https:\/\/dev1.strawhost.net\/biocell\/wp-content\/uploads\/2022\/06\/dr-Aleksandar-Cetkovic-1024x1024.jpg 1024w, https:\/\/dev1.strawhost.net\/biocell\/wp-content\/uploads\/2022\/06\/dr-Aleksandar-Cetkovic-150x150.jpg 150w, https:\/\/dev1.strawhost.net\/biocell\/wp-content\/uploads\/2022\/06\/dr-Aleksandar-Cetkovic-768x768.jpg 768w, https:\/\/dev1.strawhost.net\/biocell\/wp-content\/uploads\/2022\/06\/dr-Aleksandar-Cetkovic-700x700.jpg 700w\" sizes=\"(max-width: 1080px) 100vw, 1080px\" \/><\/figure><div class=\"elementor-image-box-content\"><h3 class=\"elementor-image-box-title\">Dr sci. med. Aleksandar \u0106etkovi\u0107<\/h3><p class=\"elementor-image-box-description\">Specijalista ginekologije i aku\u0161erstva, u\u017ea specijalnost onkologija<br>\n<b>Na\u010delnik slu\u017ebe ginekologije<\/b><\/p><\/div><\/div>\t\t\t\t<\/div>\n\t\t\t\t<\/div>\n\t\t\t\t<div class=\"elementor-element elementor-element-b7dadc6 biocell-services-box biocell-medical-team-box elementor-position-top elementor-widget elementor-widget-image-box\" data-id=\"b7dadc6\" data-element_type=\"widget\" data-e-type=\"widget\" data-widget_type=\"image-box.default\">\n\t\t\t\t<div class=\"elementor-widget-container\">\n\t\t\t\t\t<div class=\"elementor-image-box-wrapper\"><figure class=\"elementor-image-box-img\"><img loading=\"lazy\" decoding=\"async\" width=\"1080\" height=\"1080\" src=\"https:\/\/dev1.strawhost.net\/biocell\/wp-content\/uploads\/2022\/06\/dr-Dragan-Marinkovic.jpg\" class=\"attachment-full size-full wp-image-7268\" alt=\"\" srcset=\"https:\/\/dev1.strawhost.net\/biocell\/wp-content\/uploads\/2022\/06\/dr-Dragan-Marinkovic.jpg 1080w, https:\/\/dev1.strawhost.net\/biocell\/wp-content\/uploads\/2022\/06\/dr-Dragan-Marinkovic-300x300.jpg 300w, https:\/\/dev1.strawhost.net\/biocell\/wp-content\/uploads\/2022\/06\/dr-Dragan-Marinkovic-1024x1024.jpg 1024w, https:\/\/dev1.strawhost.net\/biocell\/wp-content\/uploads\/2022\/06\/dr-Dragan-Marinkovic-150x150.jpg 150w, https:\/\/dev1.strawhost.net\/biocell\/wp-content\/uploads\/2022\/06\/dr-Dragan-Marinkovic-768x768.jpg 768w, https:\/\/dev1.strawhost.net\/biocell\/wp-content\/uploads\/2022\/06\/dr-Dragan-Marinkovic-700x700.jpg 700w\" sizes=\"(max-width: 1080px) 100vw, 1080px\" \/><\/figure><div class=\"elementor-image-box-content\"><h3 class=\"elementor-image-box-title\">Spec. dr med. Dragan Marinkovi\u0107<\/h3><p class=\"elementor-image-box-description\">Specijalista anesteziologije sa reanimatologijom<\/p><\/div><\/div>\t\t\t\t<\/div>\n\t\t\t\t<\/div>\n\t\t\t\t<div class=\"elementor-element elementor-element-1aea779 biocell-services-box biocell-medical-team-box elementor-position-top elementor-widget elementor-widget-image-box\" data-id=\"1aea779\" data-element_type=\"widget\" data-e-type=\"widget\" data-widget_type=\"image-box.default\">\n\t\t\t\t<div class=\"elementor-widget-container\">\n\t\t\t\t\t<div class=\"elementor-image-box-wrapper\"><figure class=\"elementor-image-box-img\"><img loading=\"lazy\" decoding=\"async\" width=\"1500\" height=\"1500\" src=\"https:\/\/dev1.strawhost.net\/biocell\/wp-content\/uploads\/2022\/06\/Medic.png\" class=\"attachment-full size-full wp-image-6406\" alt=\"\" srcset=\"https:\/\/dev1.strawhost.net\/biocell\/wp-content\/uploads\/2022\/06\/Medic.png 1500w, https:\/\/dev1.strawhost.net\/biocell\/wp-content\/uploads\/2022\/06\/Medic-300x300.png 300w, https:\/\/dev1.strawhost.net\/biocell\/wp-content\/uploads\/2022\/06\/Medic-1024x1024.png 1024w, https:\/\/dev1.strawhost.net\/biocell\/wp-content\/uploads\/2022\/06\/Medic-150x150.png 150w, https:\/\/dev1.strawhost.net\/biocell\/wp-content\/uploads\/2022\/06\/Medic-768x768.png 768w, https:\/\/dev1.strawhost.net\/biocell\/wp-content\/uploads\/2022\/06\/Medic-700x700.png 700w\" sizes=\"(max-width: 1500px) 100vw, 1500px\" \/><\/figure><div class=\"elementor-image-box-content\"><h3 class=\"elementor-image-box-title\">Spec. dr med. Milan Markovi\u0107<\/h3><p class=\"elementor-image-box-description\">Specijalista fizikalne medicine i rehabilitacije<\/p><\/div><\/div>\t\t\t\t<\/div>\n\t\t\t\t<\/div>\n\t\t\t\t\t<\/div>\n\t\t<\/div>\n\t\t\t\t\t<\/div>\n\t\t<\/section>\n\t\t\t\t\t<\/div>\n\t\t<\/div>\n\t\t\t\t\t<\/div>\n\t\t<\/section>\n\t\t\t\t<\/div>\n\t\t","protected":false},"excerpt":{"rendered":"<p>Lekarski tim Tim vrhunskih stru\u010dnjaka u BioCell Hospital primenjuje najnovija dostignu\u0107a u medicini kroz personalizovani pristup svakom pacijentu. Prof. dr sci. med. Aleksandar Ljubi\u0107 Specijalista ginekologije i aku\u0161erstva Spec. dr med. D\u017eihan Abazovi\u0107 Specijalista urgentne medicine Spec. dr med. Milan Babi\u0107 Specijalista op\u0161te hirurgije Na\u010delnik slu\u017ebe hirurgije Spec. dr med. Milica \u0110ur\u0111i\u0107 Specijalista radiologije Na\u010delnik [&hellip;]<\/p>\n","protected":false},"author":1,"featured_media":0,"parent":0,"menu_order":0,"comment_status":"closed","ping_status":"closed","template":"","meta":{"_acf_changed":false,"footnotes":""},"class_list":["post-6360","page","type-page","status-publish","hentry"],"acf":[],"_links":{"self":[{"href":"https:\/\/dev1.strawhost.net\/biocell\/wp-json\/wp\/v2\/pages\/6360","targetHints":{"allow":["GET"]}}],"collection":[{"href":"https:\/\/dev1.strawhost.net\/biocell\/wp-json\/wp\/v2\/pages"}],"about":[{"href":"https:\/\/dev1.strawhost.net\/biocell\/wp-json\/wp\/v2\/types\/page"}],"author":[{"embeddable":true,"href":"https:\/\/dev1.strawhost.net\/biocell\/wp-json\/wp\/v2\/users\/1"}],"replies":[{"embeddable":true,"href":"https:\/\/dev1.strawhost.net\/biocell\/wp-json\/wp\/v2\/comments?post=6360"}],"version-history":[{"count":0,"href":"https:\/\/dev1.strawhost.net\/biocell\/wp-json\/wp\/v2\/pages\/6360\/revisions"}],"wp:attachment":[{"href":"https:\/\/dev1.strawhost.net\/biocell\/wp-json\/wp\/v2\/media?parent=6360"}],"curies":[{"name":"wp","href":"https:\/\/api.w.org\/{rel}","templated":true}]}}